Is h composite?
False
Let p be (-3*1)/((-6)/8). Suppose -p = v, -34 = -2*s - 3*v - 82. Is (-240)/s + 2/3 composite?
True
Let z = 1 + -10. Let p = z + 9. Suppose 4*f - 364 = -p*f. Is f composite?
True
Suppose -y - 5 = -9. Suppose -2*q + 4*n + 32 = 0, y*q = -0*q - 5*n + 25. Is q a prime number?
False
Suppose 2*i + 4*o + 7 = -13, -4*o - 20 = 0. Is 95/(3 + -2) - i prime?
False
Let u = 31 - 26. Suppose -3*v + u*v = 3*j + 601, -899 = -3*v + 4*j. Is v a prime number?
True
Let l be 0/(-1*(2 - 1)). Let x(s) = -25*s + 7. Let g be x(-6). Suppose q + q + 3*j = g, -2*j - 6 = l. Is q prime?
True
Let b(a) = a**3 + 8*a**2 - 2*a + 8. Suppose -5*r = -2*r + 24. Let z be b(r). Suppose 3*l - 3*j - 15 = 0, 2*l + 5*j - z = -0*l. Is l a prime number?
True
Let j be 1*(5 - (0 - -1)). Suppose -q + 5*q = -n + 1147, 0 = 5*q + 3*n - 1425. Suppose -d - 6*b + 52 = -b, -q = -4*d - j*b. Is d prime?
False
Suppose 4*v + s - 23410 = 0, -6*s = -3*v - 2*s + 17567. Is v/12 - (-12)/(-16) prime?
True
Let v(o) = 56*o + 2. Let m be v(3). Suppose m = 5*c - 955. Suppose -r = -0*r + 4, -i + 4*r = -c. Is i prime?
False
Let h(u) = 953*u - 19. Is h(4) prime?
True
Suppose -5*d + 158 = -552. Is d a prime number?
False
Let b = -279 - -1032. Is b a prime number?
False
Suppose -5*h - f + 536 = 2*f, 0 = 2*h + 5*f - 222. Is h a composite number?
True
Let h = 157 + -228. Let g = h - -150. Is (1 - 0)/1*g prime?
True
Suppose -5*f = -f - 636. Is (-3)/(9/f)*-1 a composite number?
False
Suppose 0 = j - x + 4, 9 = 3*j + x + 3*x. Let a(i) = 36*i**2 - i. Is a(j) prime?
True
Suppose -4*q = -5*s - 8, -2*q - 5*s - 2 + 6 = 0. Is (34 + q/2)*1 a prime number?
False
Let x = 227 - -933. Let h = x - 529. Is h prime?
True
Let o = -191 + 546. Is o composite?
True
Let o(g) = 14*g - 3. Is o(9) prime?
False
Let q = 15 + -13. Suppose q*k = 6*k + 4*y - 468, 0 = 4*y - 16. Is k composite?
False
Is (-2 + -2)/4*-21 composite?
True
Let a(z) = -4*z - 2. Let w be a(-3). Let c be w/4*32/20. Suppose 0 = 6*i - c*i - 26. Is i a composite number?
False
Suppose 0 = 8*m - 13*m + 3715. Is m prime?
True
Suppose 5*j - 7*n = -3*n + 2, -2*n + 2 = -j. Suppose 74 = u + 5*f - 118, -j*u - 5*f = -409. Is u a prime number?
False
Let f(n) = 6*n**3 - 6*n**2 - 4*n - 7. Is f(5) composite?
True
Let q(u) = 14*u**3 - u**2 + u + 9. Suppose -n = -0*n + 17. Let b(s) = -5*s**3 - 3. Let j(r) = n*b(r) - 6*q(r). Is j(-4) a prime number?
True
Let h(v) = -v**2 - 10*v + 5. Let b be h(-10). Suppose 2*g = -5*c + 57, 3*c - b*c = 2*g - 24. Is c a composite number?
False
Suppose -z - 5*w = -504, -z + 4*w = 3*w - 498. Is z a prime number?
True
Let v = 639 - 16. Suppose 3*h + h - 613 = -3*f, -4*h + v = f. Is h a composite number?
False
Is (-1)/(-2) + (-3861)/(-18) a prime number?
False
Let g(l) = -l**3 - 2*l**2 + l. Let f be g(-2). Is (f + 4)*(-207)/(-6) a composite number?
True
Is 3/((-103)/53 - -2) prime?
True
Let j be 2*2/(-4) - 10. Let q(d) = 3*d**2 + 14*d - 6. Is q(j) composite?
True
Suppose 3*a + 4*g - 1209 = -170, 338 = a + 3*g. Is a prime?
True
Let g = 11 + 8. Is g composite?
False
Suppose o - 5*x - 3389 = 0, -5*o = 5*x - 4828 - 12117. Is o a composite number?
False
Suppose -10 - 6 = 4*o, -12 = -r + 3*o. Suppose 3*g - 258 - 141 = r. Is g prime?
False
Let j be 2/9 + 264/27. Suppose -29 = -y - j. Is y a prime number?
True
Is 15873 + ((-4)/10)/((-7)/70) composite?
False
Suppose -m - 1 = -3. Suppose d = 2*d + w - m, 2*d - 2*w = 8. Suppose 7 = d*b - 2*b. Is b prime?
True
Let a = 24 - -44. Suppose 0 = 4*b + 4*v + a, -5*b + b + 5*v = 113. Let p = -1 - b. Is p composite?
True
Let q(k) = 55*k + 7. Is q(6) a prime number?
True
Let l = 8 + 8. Let q = l + -10. Suppose 508 = -2*a + q*a. Is a composite?
False
Suppose -2*m = 2*m - 2180. Is m a composite number?
True
Let v(a) = -10*a - 1 - 3*a**2 + 5*a + 7*a**2. Is v(-12) a prime number?
False
Let f = 381 - 259. Is f a composite number?
True
Suppose -3*t = -n - 4*n - 19, -18 = -4*t + 3*n. Let i be t/1 + 89*1. Suppose 3*l - 1 - i = 0. Is l a prime number?
True
Let a(w) = w**3 - w**2 + 5*w + 2. Is a(7) prime?
True
Suppose 4*b = 3*b + 4. Is 1 - b - 1056/(-8) a composite number?
True
Let x = 170 - 11. Is x a prime number?
False
Suppose 3*r = -2*h - 8, 4*r = -h + 4*h - 22. Suppose 0 = 2*z + h, 4 = q - 2*z + 3. Is 51 + 6/(-4 - q) composite?
True
Let p(u) = -11 + 0 - u + 7*u. Is p(8) a prime number?
True
Let v(w) = -22*w + 5. Let s be v(-3). Let z = 325 - s. Is z a prime number?
False
Let w(q) = -8*q + 4. Let m be w(-3). Suppose 2 + m = 5*l. Is l a composite number?
True
Let u(f) = 2723*f**3 - f**2 - f + 2. Is u(1) composite?
True
Let x be 3/(-9)*(-10 - 2). Suppose -695 = -x*u - u. Is u a composite number?
False
Let c = -13 + 20. Is c composite?
False
Is (-9 + 10)*119/1 prime?
False
Let a(t) = 187*t - 16. Is a(5) a composite number?
False
Let c = 3 + 0. Suppose -1 = c*r + 2. Is r/(0 - (-1)/(-113)) a prime number?
True
Suppose 2*z = -5*s + 2, -z - 1 = 4*s - 2. Suppose s = 4*g - 49 - 171. Is g prime?
False
Let b(l) = -l**2 + 7*l - 1. Suppose 0 = -3*k + 5*k. Suppose k = j - 3*j + 4*p + 8, 5*j - 3*p - 20 = 0. Is b(j) composite?
False
Is ((127*14)/(-1))/(30 - 32) a prime number?
False
Let i be (-1)/3 + 412/3. Let k = 63 + -43. Let f = k + i. Is f a composite number?
False
Let h be (-2168)/(-16)*(-1 - 1). Let c = -60 - h. Is c a prime number?
True
Is (-34)/(1/(177/(-6))) prime?
False
Let i = 270 + -453. Let z = i - -316. Is z prime?
False
Let t be (-24)/(-16)*(-4)/(-3). Suppose t*b = -5*n + 733, -31 = 4*n - 4*b - 623. Suppose l - n = -2*l. Is l prime?
False
Suppose -5726 = 80*y - 87*y. Is y a composite number?
True
Suppose -691 = -0*a - 5*a + 2*j, -4*j + 8 = 0. Let h = 209 - a. Suppose 0 = -4*t + c + 140, 0*t - 2*t + 2*c = -h. Is t composite?
True
Suppose 3*d - 367 = -2*v, 5*d = 4*v + 3*d - 726. Suppose -v + 41 = -g. Is g composite?
True
Let w be (6 + -4)/((-2)/(-2)). Suppose -w*k = -3*k - 3*d + 7, -4*k + 4*d - 4 = 0. Is (129/(-9))/(k/(-6)) prime?
False
Let o(w) = -w**2 + 8*w - 7. Let m be o(5). Suppose -c + 21 - m = 0. Suppose 3*a = -4*k + 37, k - c = -2*a + 10. Is a a composite number?
False
Suppose -5*b + 2639 = -1896. Is b composite?
False
Let x(b) = 3*b**2 - 9*b - 3. Let d be x(-6). Suppose 5*s = d + 96. Is s composite?
True
Suppose 5659 = 4*f - 3*n, -7*f + 3*n + 7070 = -2*f. Is f prime?
False
Let l = -149 + 560. Is l prime?
False
Let t = -3 + 1. Is 3 + (-124)/(t*2) a prime number?
False
Let n = 40 + -72. Is 3282/8 - 24/n a prime number?
False
Let a = 1398 + 3199. Is a composite?
False
Let r(d) = -4*d**2 - d + 7. Let g(h) = -h**2 + 1. Let t(f) = 3*g(f) + r(f). Let k(v) = -15*v**2 - 3*v + 21. Let m(b) = 6*k(b) - 13*t(b). Is m(7) a prime number?
False
Let g = 23 - 21. Suppose 5*s = g*r + 236, -4*s - 2*r = 3*r - 169. Is s a composite number?
True
Let n(u) = -17*u**3 + 3*u**2 + 11*u + 7. Is n(-4) composite?
True
Suppose -3*u + 5*c - 3 = 0, c + 2*c = -u - 1. Is 2 + u - -9*2 prime?
True
Let k(n) = -4*n + 3. Is k(-9) a composite number?
True
Let h = -227 + 354. Is h a prime number?
True
Let x(r) = r**2 + 6*r + 4. Suppose -3*y - 2*y + 5*t - 65 = 0, -4*y - 48 = -2*t. Is x(y) composite?
False
Let q be (-6)/(-4)*12/9. Is (-2 + 5/q)*92 a prime number?
False
Suppose -2 = 6*w - 7*w. Suppose 4*h - 3*v - 32 = 37, 0 = -w*v + 10. Let n = h - -10. Is n prime?
True
Suppose -3*d - 69 = 4*a - 206, -2*d - a = -93. Is d composite?
False
Is -3 + 94 + 5 - 2 a prime number?
False
Let n = 666 - 404. Is n a composite number?
True
Is 2188/2 + 10 + -7 a composite number?
False
Let j(n) be the second derivative of 11*n**3/6 - 3*n. Let f be j(-4). Is 150/22 + (-8)/f a prime number?
True
Let o(i) = 5*i + 5 - 18*i - 2*i. Let b be o(-4). Let y = b - 32. Is y a composite number?
True
Let f = 37 - 15. Let u = f - -12. Is u composite?
True
Suppose 0 = -v - 3*g + 1 - 2, -4*v + 5*g - 21 = 0. Let l(h) = -2*h - h**3 - 3*h**2 - 2*h + 3 + 0*h**3 - 9. Is l(v) composite?
True
Let s = -4 + 7. Suppose u = 5*x + 5 + 24, -s*u + 17 = -x. Suppose -k - u*k = -170. Is k prime?
False
Let c = 21 - 15. Suppose -3*f + 0 = -c. Is (-142)/(-4) + f/(-4) composite?
True
Let w(y) = -92*y - 2. Let k be w(1). Let n = 253 + k. Is n composite?
True
Suppose 8 = 3*w - 4. Let u(a) = -a - 1 + 0*a + 5*a - 3*a. Is u(w) a prime number?
True
Let o = -25 + 27. Suppose -2*t = -0*t + u - 612, -u = o. Is t a pri